{"id":2570,"date":"2019-07-11T20:09:20","date_gmt":"2019-07-11T18:09:20","guid":{"rendered":"http:\/\/www.holgerboening.de\/?page_id=2570"},"modified":"2021-11-17T13:01:33","modified_gmt":"2021-11-17T12:01:33","slug":"referenzen","status":"publish","type":"page","link":"https:\/\/holgerboening.de\/foto\/portfolio\/referenzen\/","title":{"rendered":"referenzen"},"content":{"rendered":"<div  class=\"one withsmallpadding ppb_text\" style=\"padding:30px 0 30px 0;\" >\n<div class=\"standard_wrapper\">\n<div class=\"page_content_wrapper\">\n<div class=\"inner\">\n<div style=\"margin:auto;width:100%\">\n<hr \/>\n<p style=\"text-align: center;\"><strong>immobilienfotografie<\/strong><br \/>\nexpos\u00e9 | volksbank | 2021<br \/>\nexpos\u00e9 | immoeinfach | 2020<br \/>\nexpos\u00e9 | wokaberlin | 2019<br \/>\nexpos\u00e9 | engel &#038; voelkers | 2018<br \/>\nexpos\u00e9 | perfekt immobilien | 2017<\/p>\n<\/div>\n<\/div>\n<\/div>\n<\/div>\n<\/div>\n<div  class=\"one withsmallpadding ppb_text\" style=\"padding:30px 0 30px 0;\" >\n<div class=\"standard_wrapper\">\n<div class=\"page_content_wrapper\">\n<div class=\"inner\">\n<div style=\"margin:auto;width:100%\">\n<hr \/>\n<p style=\"text-align: center;\"><strong>veranstaltungsfotografie<\/strong><br \/>\nfilmfest &#8218;frauenwelten&#8216; | terre des femmes | 2021<br \/>\npressekonferenz &#8218;den kopf frei haben!&#8216; | terre des femmes | 2019<br \/>\nimpinno-konferenz | gwrt | 2019<br \/>\nlichtkunstaktion des kuenstlers ingo bracke | mehr demokratie! | 2018<br \/>\nmesse msa2go | agentur bellot | 2017<br \/>\naktion \u201adu bist demokratie!\u2018 | mehr demokratie! | 2017<br \/>\naktion \u201ablumen fuer die demokratie\u2018 | mehr demokratie! | 2017<br \/>\nkick-off-veranstaltung | netzwerk chancen | 2016<br \/>\nbrandenburg-tag | agentur bellot | 2016<br \/>\nttip-demo | mehr demokratie! | 2015<\/p>\n<\/div>\n<\/div>\n<\/div>\n<\/div>\n<\/div>\n<div  class=\"one withsmallpadding ppb_text\" style=\"padding:30px 0 30px 0;\" >\n<div class=\"standard_wrapper\">\n<div class=\"page_content_wrapper\">\n<div class=\"inner\">\n<div style=\"margin:auto;width:100%\">\n<hr \/>\n<p style=\"text-align: center;\"><strong>dokumentationsfotografie<\/strong><br \/>\ndie muellschwimmer von berlin | stiftung naturschutz | 2020<br \/>\nstadtumbau frankfurter allee nord | stattbau | 2017<br \/>\ndoerpfeldstrasse | aktives zentrum | 2016<\/p>\n<\/div>\n<\/div>\n<\/div>\n<\/div>\n<\/div>\n<div  class=\"one withsmallpadding ppb_text\" style=\"padding:30px 0 30px 0;\" >\n<div class=\"standard_wrapper\">\n<div class=\"page_content_wrapper\">\n<div class=\"inner\">\n<div style=\"margin:auto;width:100%\">\n<hr \/>\n<p style=\"text-align: center;\"><strong>portraetfotografie<\/strong><br \/>\nmitarbeiter fuer webseite | werbeproduktion bucher | 2017<br \/>\nmitarbeiter fuer webseite und social media | netzwerk chancen | 2016<br \/>\nmitarbeiter fuer webseite und jahresbericht | open petition | 2016<\/p>\n<\/div>\n<\/div>\n<\/div>\n<\/div>\n<\/div>\n<div  class=\"one withsmallpadding ppb_text\" style=\"padding:30px 0 30px 0;\" >\n<div class=\"standard_wrapper\">\n<div class=\"page_content_wrapper\">\n<div class=\"inner\">\n<div style=\"margin:auto;width:100%\">\n<hr \/>\n<p style=\"text-align: center;\"><strong>produkt-\/unternehmensfotografie<\/strong><br \/>\nproduktbilder fuer webseite | werbeproduktion bucher | 2017<br \/>\nfirmenbilder fuer webseite und broschueren | bbz chemie | 2016<\/p>\n<\/div>\n<\/div>\n<\/div>\n<\/div>\n<\/div>\n","protected":false},"excerpt":{"rendered":"<p>immobilienfotografie expos\u00e9 | volksbank | 2021 expos\u00e9 | immoeinfach | 2020 expos\u00e9 | wokaberlin | 2019 expos\u00e9 | engel &#038; voelkers | 2018 expos\u00e9 | perfekt immobilien | 2017 veranstaltungsfotografie filmfest &#8218;frauenwelten&#8216; | terre des femmes | 2021 pressekonferenz &#8218;den [&hellip;]<\/p>\n","protected":false},"author":3,"featured_media":2343,"parent":2567,"menu_order":1,"comment_status":"closed","ping_status":"closed","template":"","meta":{"footnotes":""},"class_list":["post-2570","page","type-page","status-publish","has-post-thumbnail","hentry"],"_links":{"self":[{"href":"https:\/\/holgerboening.de\/foto\/wp-json\/wp\/v2\/pages\/2570","targetHints":{"allow":["GET"]}}],"collection":[{"href":"https:\/\/holgerboening.de\/foto\/wp-json\/wp\/v2\/pages"}],"about":[{"href":"https:\/\/holgerboening.de\/foto\/wp-json\/wp\/v2\/types\/page"}],"author":[{"embeddable":true,"href":"https:\/\/holgerboening.de\/foto\/wp-json\/wp\/v2\/users\/3"}],"replies":[{"embeddable":true,"href":"https:\/\/holgerboening.de\/foto\/wp-json\/wp\/v2\/comments?post=2570"}],"version-history":[{"count":58,"href":"https:\/\/holgerboening.de\/foto\/wp-json\/wp\/v2\/pages\/2570\/revisions"}],"predecessor-version":[{"id":2909,"href":"https:\/\/holgerboening.de\/foto\/wp-json\/wp\/v2\/pages\/2570\/revisions\/2909"}],"up":[{"embeddable":true,"href":"https:\/\/holgerboening.de\/foto\/wp-json\/wp\/v2\/pages\/2567"}],"wp:featuredmedia":[{"embeddable":true,"href":"https:\/\/holgerboening.de\/foto\/wp-json\/wp\/v2\/media\/2343"}],"wp:attachment":[{"href":"https:\/\/holgerboening.de\/foto\/wp-json\/wp\/v2\/media?parent=2570"}],"curies":[{"name":"wp","href":"https:\/\/api.w.org\/{rel}","templated":true}]}}

<div  class="one withsmallpadding ppb_text" style="padding:30px 0 30px 0;" >
<div class="standard_wrapper">
<div class="page_content_wrapper">
<div class="inner">
<div style="margin:auto;width:100%">
<hr />
<p style="text-align: center;"><strong>immobilienfotografie</strong><br />
exposé | volksbank | 2021<br />
exposé | immoeinfach | 2020<br />
exposé | wokaberlin | 2019<br />
exposé | engel &#038; voelkers | 2018<br />
exposé | perfekt immobilien | 2017</p>
</div>
</div>
</div>
</div>
</div>
<div  class="one withsmallpadding ppb_text" style="padding:30px 0 30px 0;" >
<div class="standard_wrapper">
<div class="page_content_wrapper">
<div class="inner">
<div style="margin:auto;width:100%">
<hr />
<p style="text-align: center;"><strong>veranstaltungsfotografie</strong><br />
filmfest &#8218;frauenwelten&#8216; | terre des femmes | 2021<br />
pressekonferenz &#8218;den kopf frei haben!&#8216; | terre des femmes | 2019<br />
impinno-konferenz | gwrt | 2019<br />
lichtkunstaktion des kuenstlers ingo bracke | mehr demokratie! | 2018<br />
messe msa2go | agentur bellot | 2017<br />
aktion ‚du bist demokratie!‘ | mehr demokratie! | 2017<br />
aktion ‚blumen fuer die demokratie‘ | mehr demokratie! | 2017<br />
kick-off-veranstaltung | netzwerk chancen | 2016<br />
brandenburg-tag | agentur bellot | 2016<br />
ttip-demo | mehr demokratie! | 2015</p>
</div>
</div>
</div>
</div>
</div>
<div  class="one withsmallpadding ppb_text" style="padding:30px 0 30px 0;" >
<div class="standard_wrapper">
<div class="page_content_wrapper">
<div class="inner">
<div style="margin:auto;width:100%">
<hr />
<p style="text-align: center;"><strong>dokumentationsfotografie</strong><br />
die muellschwimmer von berlin | stiftung naturschutz | 2020<br />
stadtumbau frankfurter allee nord | stattbau | 2017<br />
doerpfeldstrasse | aktives zentrum | 2016</p>
</div>
</div>
</div>
</div>
</div>
<div  class="one withsmallpadding ppb_text" style="padding:30px 0 30px 0;" >
<div class="standard_wrapper">
<div class="page_content_wrapper">
<div class="inner">
<div style="margin:auto;width:100%">
<hr />
<p style="text-align: center;"><strong>portraetfotografie</strong><br />
mitarbeiter fuer webseite | werbeproduktion bucher | 2017<br />
mitarbeiter fuer webseite und social media | netzwerk chancen | 2016<br />
mitarbeiter fuer webseite und jahresbericht | open petition | 2016</p>
</div>
</div>
</div>
</div>
</div>
<div  class="one withsmallpadding ppb_text" style="padding:30px 0 30px 0;" >
<div class="standard_wrapper">
<div class="page_content_wrapper">
<div class="inner">
<div style="margin:auto;width:100%">
<hr />
<p style="text-align: center;"><strong>produkt-/unternehmensfotografie</strong><br />
produktbilder fuer webseite | werbeproduktion bucher | 2017<br />
firmenbilder fuer webseite und broschueren | bbz chemie | 2016</p>
</div>
</div>
</div>
</div>
</div>

<p>immobilienfotografie exposé | volksbank | 2021 exposé | immoeinfach | 2020 exposé | wokaberlin | 2019 exposé | engel &#038; voelkers | 2018 exposé | perfekt immobilien | 2017 veranstaltungsfotografie filmfest &#8218;frauenwelten&#8216; | terre des femmes | 2021 pressekonferenz &#8218;den [&hellip;]</p>
